- 11 - -11.
5
What is the value of -2 + -1 - -3 - 3?
-3
Calculate 3 - (2 - (0 + 4)).
5
Evaluate -5 + -2 + 8 + 0.
1
What is the value of (-2 + -1 - (3 - 8)) + -5?
-3
-2 - (-1 + (0 - (3 + 2)))
4
(-9 - 2) + 2 + (7 - 3)
-5
(-1 - -1) + (-13 - (-3 + -6))
-4
Evaluate (-7 - -5) + (-4 - -1).
-5
What is the value of (1 - -9) + -3 - 10?
-3
Evaluate 4 + 3 + -4 + (-7 - -2).
-2
5 + -6 + -5 + 2 + 0
-4
(-10 - -8) + 2 - -5
5
What is 1 + -1 - (-3 + 6 + -4)?
1
What is (2 - 1) + (-6 + 3 - -2)?
0
Calculate 7 - (-3 - (-6 - -1)).
5
2 - (5 - 3) - (9 + -9)
0
What is the value of (4 - 13 - -1) + (-3 - -16)?
5
Evaluate (0 - 1) + (0 - (-1 - -1)).
-1
Evaluate -16 + 19 + -1 + -3 - -7.
6
Evaluate -2 + 1 + -6 - -3.
-4
What is the value of -38 - -45 - (-2 + 10)?
-1
2 + 1 - (-2 + 3 + 2)
0
What is the value of 5 - (11 - (-4 - -8))?
-2
114 - 117 - (1 + -10)
6
Evaluate 4 - (4 + -8 - -2).
6
10 + -6 + -23 + 11
-8
Calculate -4 + 4 - -2 - 8.
-6
What is 3 + 1 - (10 + -1)?
-5
What is the value of 0 + 1 + 5 + -2?
4
4 + (-12 - (0 - 4))
-4
Calculate 2 + (2 - (3 + 0 - 1)).
2
Evaluate 4 + 2 - (5 - (-7 + 5)).
-1
Evaluate 4 - (3 + -4 - (-4 + 0)).
1
What is the value of 6 - (-3 + (9 - 4))?
4
11 + (-16 + 11 - 0)
6
What is the value of (-13 - (10 + -11)) + 10?
-2
Calculate -4 + -2 + -8 + 13.
-1
What is -10 + 3 + 14 + -4?
3
2 - (4 + (1 - 4)) - -1
2
What is -3 + -6 + (-4 - (-1 + -6))?
-6
3 - (6 + (-7 - -3)) - 2
-1
6 + -8 + -10 - -6 - -5
-1
What is the value of -2 + (-2 - -3) + 0 + 1?
0
-4 + -3 + -7 + 18
4
(0 - -2) + 6 + -7 - -4
5
What is the value of 6 - (14 - 11 - 3)?
6
Evaluate -1 + -3 + (1 - -10 - 8).
-1
What is the value of 7 - 3 - 2 - 3?
-1
What is -1 + 2 + 5 + -4 + -5?
-3
What is 0 - (-2 + 0 - 1) - 1?
2
Evaluate (1 - -1) + (20 - 11) + -9.
2
Calculate -2 + (-2 - -3) - (0 - -3).
-4
-9 - (-33 + 34 - (5 - 1))
-6
Evaluate -12 + 4 - (10 - 19).
1
Calculate 1 + (4 - 8) + 5.
2
(-3 + -1 - -8) + 3 - 4
3
7 - 1 - (-17 + 18)
5
-1 - ((-3 - (-6 + 11)) + 10)
-3
Calculate -4 + 6 - (0 + -3).
5
6 - (-1 - (-4 - 0) - -1)
2
What is 1 - (-1 + 3) - (-14 + 14)?
-1
0 + (0 - 0) + 0 + 1
1
Evaluate (-2 - 0) + (-9 - -9) + 6.
4
What is -1 + 1 + 5 - 2 - 7?
-4
What is 3 - (3 + 0 + 0)?
0
What is the value of -5 - (6 + -7) - (1 + -1)?
-4
Calculate (-5 - 0 - -4) + (-1 - -2).
0
What is (0 - -4) + -3 + -2 + 6?
5
What is 4 + (-3 - (-4 - (-1 - 0)))?
4
What is (-8 - 6) + 15 - (0 - -9)?
-8
What is -11 + (-45 - -53 - (6 - 1))?
-8
-7 + -5 + (8 - 1)
-5
Evaluate -11 + (-3 - -2 - -1) + 1.
-10
-1 + 3 + -6 - -4
0
Evaluate 4 + (-4 - 4) - 2 - -1.
-5
Calculate -5 + 2 + (9 - (21 + -8)).
-7
0 - (-11 + 4 + -1)
8
What is (-4 - -3) + (-6 - (-5 + 3))?
-5
(0 - -2) + 10 + (9 - 25)
-4
What is the value of 4 + (6 - (4 - -4))?
2
What is (-7 - -2) + 5 + 3 + 4?
7
(16 - 32) + 14 + (-1 - -8)
5
What is the value of (0 - (5 - -3)) + 3 - 6?
-11
Calculate 4 + (2 - 3) + -1 + 1.
3
Evaluate -8 - (5 - 10) - 0.
-3
Evaluate -2 - (-8 - (-2 + -4)).
0
Calculate 1 - (-2 + 1 - 0) - 4.
-2
What is 0 + -6 - (-17 + -8 + 20)?
-1
Evaluate -3 + 6 + -2 - -1.
2
1 - 5 - (9 + -13) - 1
-1
What is 0 + 4 + -5 + (7 - -1)?
7
What is the value of -7 - (-4 + 2 + -4 + 0)?
-1
Evaluate -1 + (-17 - -9 - -2).
-7
Evaluate (2 - 9) + 4 - (5 - 10).
2
What is 0 + 2 + -9 + 5 + -2?
-4
What is 0 - 1 - (-11 + 7)?
3
Calculate (-2 - (-6 + 6)) + 2 + 1.
1
What is the value of 19 + -47 + 19 + 1 + 4?
-4
Calculate 1 + (-2 + -3 - (-1 + -1)).
-2
(67 - 56) + (0 - 9)
2
Evaluate 2 + ((-2 - 0) + -2 - -1).
-1
Evaluate 31 - 24 - (13 + -1).
-5
-1 + (2 - -1 - (-3 - -4))
1
-3 + (0 - 3 - -7)
1
What is the value of 0 - 2 - (-15 + 5 - -8)?
0
(-3 - 13) + 7 - -7
-2
Evaluate 1 - (-2 - (5 - 12)).
-4
What is the value of (0 - -6 - 2) + -2 - 2?
0
Calculate 6 - (-13 + 6 + 7).
6
What is the value of -4 - -14 - 14 - (-1 + -6)?
3
(-26 - -36) + (-4 - 8)
-2
What is 5 + 0 - 5 - -3?
3
3 + -1 - (34 - 36) - 6
-2
Evaluate -6 + -2 + (6 - (0 - 1)).
-1
Evaluate -11 + 8 - (3 + (2 - 10)).
2
Calculate (-12 - 1) + 10 + 2.
-1
(-4 - (-11 - (-4 + 1))) + 6
10
Evaluate 5 - (5 + 9) - -9.
0
(-1 - -4) + (0 + 1 - -1)
5
Evaluate -37 - -32 - (-1 + 2 + -5).
-1
Calculate 7 - (-1 + (2 - -1)).
5
What is 2 - 9 - (-1 + -12)?
6
Evaluate (0 - 7) + 0 - 1.
-8
Calculate 0 - (5 - 5) - -5.
5
Calculate -6 - (0 - 6 - -3) - -4.
1
Evaluate 8 + 4 + -11 + 4.
5
Calculate 6 + -5 + 5 + 11 + -10.
7
Calculate 7 + 0 - (-8 + 14) - -2.
3
Calculate 22 + -12 - (16 + -1).
-5
Evaluate 5 + (2 - (-7 - -19)).
-5
Evaluate -7 - -4 - (-4 - -1).
0
What is (-13 - -9) + (3 - 1)?
-2
What is 0 + -2 - (-4 + (10 - 3))?
-5
What is 2 + -6 + 5 - (1 + 0)?
0
What is the value of 2 + 3 + (-3 - 1) - 4?
-3
Evaluate -7 + 2 + 8 + (6 - 12).
-3
What is 4 - 0 - -2 - (9 - 6)?
3
What is the value of 7 - (-18 - -19) - (0 + 1)?
5
What is the value of (0 - 2) + 3 + -1?
0
Calculate 20 + -2 + 71 + -80.
9
0 + (-3 - -8) + -4
1
0 + 3 - 2 - (4 + -1)
-2
Evaluate -22 + -2 + 9 - -7.
-8
What is (-3 - -4 - -6 - 6) + -7?
-6
7 + -13 + 20 + -21
-7
What is 0 - (3 + (-5 - -1))?
1
Evaluate 6 - (1 + (-8 - (-7 + -5))).
1
Calculate (-1 - (9 + -4 - 4)) + -4.
-6
What is the value of (7 - (-9 + 7)) + -9?
0
What is 0 + 3 - (5 - (-7 + 4))?
-5
What is 5 - (-1 + 6) - 8 - 2?
-10
Evaluate (11 - 5) + -10 - -5.
1
What is the value of (-22 - -31 - 5) + 5 + 1?
10
What is the value of -3 - ((7 - -1) + -11)?
0
What is 2 - (2 + -1) - 2?
-1
Evaluate (-5 - -7) + 4 + -9 + 2.
-1
What is the value of 6 - (1 - (-4 + 2))?
3
What is the value of 0 + -1 + -2 - -2 - -4?
3
What is the value of -2 - (-1 - (-7 - -11))?
3
Calculate 4 - (-10 - -5 - -11).
-2
What is the value of -3 + (-9 - (-3 - (-4 + 6)))?
-7
What is the value of 7 + -3 + -2 - -1?
3
What is 1 + ((-9 - -2) + 9 - 6)?
-3
14 + 3 + -30 + 9
-4
What is -13 + 5 - (2 + -5)?
-5
What is the value of 1 + (-3 - -3) + -5?
-4
What is (-1 - -3) + (61 - 62)?
1
Calculate 10 - (-1 + -6 - -12).
5
10 - (1 + -2 + 8)
3
What is the value of 2 - -1 - (-2 + 4)?
1
Calculate -1 - -3 - (21 - (7 - -7)).
-5
What is 20 - 24 - (-10 + 2)?
4
1 + -1 + 11 + -7 + -3
1
-1 - (-2 + -1) - (17 + -14)
-1
Evaluate (7 - -2) + (3 - 7) + -6.
-1
-1 + (1 - 2) + 18 + -13
3
4 + (-2 - -2) - 1
3
What is 9 - (5 + 0 + 3)?
1
What is the value of -7 - (-14 + 5) - 6?
-4
What is the value of (2 + 4 - 1) + -2?
3
What is the value of (-5 + 3 - -7) + -3?
2
What is the value of (11 - 9) + 1 + -6?
-3
What is -2 + (1 - 5) - (37 + -44)?
1
What is (0 - 1 - -3) + -3?
-1
What is -19 + 23 + (8 - 1) - 1?
10
Calculate 20 - (1 + 13) - 12.
-6
What is -4 + (2 + 1 + -2 - -8)?
5
What is the value of (-2 - -3) + 4 + (-1 - -1)?
5
Evaluate (-7 - -6) + (1 - (1 - 2)).
1
1 + -6 - (-11 - (-4 + 4))
6
What is -11 + (-1 - 8) + 20?
0
Evaluate -3 + 3 + -5 + (1 - -2).
-2
4 + -3 + (15 - 10)
6
Calculate -2 - (-5 + -2 - -6) - -4.
3
Calculate (-7 - (-9 - (7 + -9))) + -6.
-6
Calculate 11 - (7 + (6 - 2)).
0
What is 0 + -2 + -6 + 6?
-2
Calculate 2 + -17 + 17 + (3 - 0).
5
(1 - (5 + 3 + -7)) + -6
-6
What is 1 - (-3 + (-5 - -4))?
5
What is the value of ((0 - -2) + -1 - 4) + -1?
-4
Evaluate (-6 - 2) + 12 + 0 + -9.
-5
1 + 2 + (-1 - 1)
1
Calculate 1 + (4 - 6) - -4.
3
Evaluate -6 + 1 - (24 + -24).
-5
What is the value of 3 - 8 - (6 - (8 - 0))?
-3
What is 5 - ((-4 - 10) + 9)?
10
5 - (-4 + 3 + 0 + 2)
4
Calculate 2 + -6 - (3 - 11 - -2).
2
What is 1 + -1 + (6 - 9) + -2?
-5
Calculate 0 - ((19 - 10) + -15).
6
What is the value of -1 - -14 - 1 - (11 - 5)?
6
Calculate 0 - (-2 + 1 + 2 - -4).
-5
Evaluate (-2 + 7 + -3 - -6) + -15.
-7
-9 + 3 + 6 - 1
-1
What is the value of (3 - 4) + 3 + -6?
-4
Calculate -9 + 3 + (-2 - -3) + 6.
1
26 - 21 - (0 - -5)
0
-1 + -6 + (2 - -1)
-4
Evaluate 0 - (1 + -5 + 1) - 4.
-1
Calculate 0 + 13 - 5 - (6 + -3).
5
What is -2 - (-4 + 5) - -5?
2
What is 8 + 5 + (-3 - 2) + -3?
5
Calculate -11 + (13 + -11 - (-6 - -3)).
-6
What is the value of -2 - ((-3 - (2 + -5)) + -4)?
2
What is the value of 111 + -124 - (-9 - (1 - 2))?
-5
What is the value of 38 + -41 + 0 + 1 + 3?
1
What is the value of 4 + (-2 - -6) + -5?
3
Evaluate (-8 - -5) + (-2 + 4 - -1).
0
What is the value of (2 - 1) + -5 + (1 - -1)?
-2
Calculate -5 - ((14 - 9) + -1).
-9
(-1 - -9) + (-53 - -52)
7
What is -1 + -6 - (-6 - -3)?
-4
Calculate 3 + 3 - (1 - (-4 + 3)).
4
Evaluate 40 + -48 - (-1 + -2).
-5
Calculate -1 + (3 - 8 - (-10 + 1)).
3
What is the value of (3 - 2) + 7 - (-3 + 5)?
6
What is the value of -2 + -8 + 2 + 7 - -5?
4
What is 